{"id":4294,"date":"2015-02-19T20:11:42","date_gmt":"2015-02-19T18:11:42","guid":{"rendered":"http:\/\/www.ordinationseinrichtungen.at\/cs2\/?page_id=4294"},"modified":"2019-06-12T10:53:07","modified_gmt":"2019-06-12T08:53:07","slug":"strahlenschutz","status":"publish","type":"page","link":"http:\/\/www.ordinationseinrichtungen.at\/cs2\/strahlenschutz\/","title":{"rendered":"Strahlenschutz"},"content":{"rendered":"[vc_row][vc_column width=&#8220;1\/2&#8243;]<div class=\"shortcode-wrapper shortcode-title clearfix\"><p class=\"hb-text-large \">Strahlenschutz<\/p><\/div><div class=\"shortcode-wrapper shortcode-spacer clearfix\"><div class=\"spacer\" style=\"height:20px;\"><\/div><\/div>[vc_column_text]Mit unserer langj\u00e4hrigen Erfahrung erzeugen wir <span style=\"color: #dddc00;\">Strahlenschutzt\u00fcren<\/span> und <span style=\"color: #dddc00;\">Trennw\u00e4nde<\/span> oder <span style=\"color: #dddc00;\">adaptieren vorhandene R\u00e4ume<\/span>, dass diese den gesetzlichen Strahlenschutznormen<br \/>\nentsprechen.<\/p>\n<p>Ob neu zu errichtender oder vorhandener Strahlenschutzraum (R\u00f6ntgenraum), generell jegliche Art von Dentalm\u00f6beln bzw. f\u00fcr Sonderl\u00f6sungen, die<br \/>\n<strong>CS\u00a0 ORDINATIONSEINRICHTUNGEN<\/strong> ist immer der richtige Ansprechpartner.[\/vc_column_text][\/vc_column][vc_column width=&#8220;1\/2&#8243;][vc_single_image image=&#8220;4513&#8243; img_size=&#8220;full&#8220; alignment=&#8220;center&#8220; style=&#8220;vc_box_shadow&#8220;][vc_single_image image=&#8220;4516&#8243; img_size=&#8220;full&#8220; alignment=&#8220;center&#8220; style=&#8220;vc_box_shadow&#8220;]<div class=\"shortcode-wrapper shortcode-spacer clearfix\"><div class=\"spacer\" style=\"height:20px;\"><\/div><\/div>[\/vc_column][\/vc_row][vc_row][vc_column]<div class=\"fw-section hb-fw-69f8227b4d164 without-border light-style\" style=\"margin-top:0px;margin-bottom:0px;padding-top:100px;padding-bottom:100px;\"><div class=\"row fw-content-wrap\"><div class=\"col-12 nbm\">\n<h1 style=\"text-align: center;\"><span style=\"color: #808080;\">&#8222;Der Langsamste, der sein Ziel nicht aus den Augen verliert, geht noch immer geschwinder, als jener, der ohne Ziel umherirrt.&#8220;<\/span><\/h1>\n<\/div><\/div><div class=\"video-overlay\"><\/div><\/div>[\/vc_column][\/vc_row][vc_row][vc_column][vc_text_separator title=&#8220;&#8220;][vc_column_text]\n<p style=\"text-align: center;\">Christian Schneider &#8211; CS Ordinationseinrichtungen\u00a0| Dr. Karl Rennerstr. 7<br \/>\n2203 Gro\u00dfebersdorf |\u00a0Festnetz: +43 (0)1 532 19 23 | Mobil: +43 (0) 676 954 1962 | EMail: <a href=\"mailto:cs@ordinationseinrichtungen.at\">cs@ordinationseinrichtungen.at<\/a><\/p>\n<p style=\"text-align: center;\"><a href=\"https:\/\/www.facebook.com\/Holzmanufaktur.co.at\/\" target=\"_blank\" rel=\"noopener noreferrer\"><img loading=\"lazy\" class=\"alignnone size-full wp-image-4579\" src=\"http:\/\/www.holzmanufaktur.co.at\/cs1\/wp-content\/uploads\/2019\/02\/fb_schneider.png\" alt=\"\" width=\"50\" height=\"50\" \/><\/a>\u00a0<a href=\"https:\/\/www.instagram.com\/holzmanufaktur_cs\/\" target=\"_blank\" rel=\"noopener noreferrer\"><img loading=\"lazy\" class=\"alignnone size-full wp-image-4581\" src=\"http:\/\/www.holzmanufaktur.co.at\/cs1\/wp-content\/uploads\/2019\/02\/insta_schneider.jpg\" alt=\"\" width=\"50\" height=\"50\" \/><\/a><\/p>\n[\/vc_column_text][\/vc_column][\/vc_row]\n","protected":false},"excerpt":{"rendered":"<p>[vc_row][vc_column width=&#8220;1\/2&#8243;][vc_column_text]Mit unserer langj\u00e4hrigen Erfahrung erzeugen wir Strahlenschutzt\u00fcren und Trennw\u00e4nde oder adaptieren vorhandene R\u00e4ume, dass diese den gesetzlichen Strahlenschutznormen entsprechen. Ob neu zu errichtender oder vorhandener Strahlenschutzraum (R\u00f6ntgenraum), generell jegliche Art von Dentalm\u00f6beln bzw. f\u00fcr Sonderl\u00f6sungen, die CS\u00a0 ORDINATIONSEINRICHTUNGEN ist immer der richtige Ansprechpartner.[\/vc_column_text][\/vc_column][vc_column width=&#8220;1\/2&#8243;][vc_single_image image=&#8220;4513&#8243; img_size=&#8220;full&#8220; alignment=&#8220;center&#8220; style=&#8220;vc_box_shadow&#8220;][vc_single_image image=&#8220;4516&#8243; img_size=&#8220;full&#8220; alignment=&#8220;center&#8220; style=&#8220;vc_box_shadow&#8220;][\/vc_column][\/vc_row][vc_row][vc_column][\/vc_column][\/vc_row][vc_row][vc_column][vc_text_separator title=&#8220;&#8220;][vc_column_text] Christian [&hellip;]<\/p>\n","protected":false},"author":1,"featured_media":0,"parent":0,"menu_order":0,"comment_status":"closed","ping_status":"closed","template":"","meta":{"_links_to":"","_links_to_target":""},"yoast_head":"<!-- This site is optimized with the Yoast SEO plugin v19.6 - https:\/\/yoast.com\/wordpress\/plugins\/seo\/ -->\n<title>Strahlenschutz - Christian Schneider - CS Ordinationseinrichtungen<\/title>\n<meta name=\"robots\" content=\"index, follow, max-snippet:-1, max-image-preview:large, max-video-preview:-1\" \/>\n<link rel=\"canonical\" href=\"http:\/\/www.ordinationseinrichtungen.at\/cs2\/strahlenschutz\/\" \/>\n<meta property=\"og:locale\" content=\"de_DE\" \/>\n<meta property=\"og:type\" content=\"article\" \/>\n<meta property=\"og:title\" content=\"Strahlenschutz - Christian Schneider - CS Ordinationseinrichtungen\" \/>\n<meta property=\"og:description\" content=\"[vc_row][vc_column width=&#8220;1\/2&#8243;][vc_column_text]Mit unserer langj\u00e4hrigen Erfahrung erzeugen wir Strahlenschutzt\u00fcren und Trennw\u00e4nde oder adaptieren vorhandene R\u00e4ume, dass diese den gesetzlichen Strahlenschutznormen entsprechen. Ob neu zu errichtender oder vorhandener Strahlenschutzraum (R\u00f6ntgenraum), generell jegliche Art von Dentalm\u00f6beln bzw. f\u00fcr Sonderl\u00f6sungen, die CS\u00a0 ORDINATIONSEINRICHTUNGEN ist immer der richtige Ansprechpartner.[\/vc_column_text][\/vc_column][vc_column width=&#8220;1\/2&#8243;][vc_single_image image=&#8220;4513&#8243; img_size=&#8220;full&#8220; alignment=&#8220;center&#8220; style=&#8220;vc_box_shadow&#8220;][vc_single_image image=&#8220;4516&#8243; img_size=&#8220;full&#8220; alignment=&#8220;center&#8220; style=&#8220;vc_box_shadow&#8220;][\/vc_column][\/vc_row][vc_row][vc_column][\/vc_column][\/vc_row][vc_row][vc_column][vc_text_separator title=&#8220;&#8220;][vc_column_text] Christian [&hellip;]\" \/>\n<meta property=\"og:url\" content=\"http:\/\/www.ordinationseinrichtungen.at\/cs2\/strahlenschutz\/\" \/>\n<meta property=\"og:site_name\" content=\"Christian Schneider - CS Ordinationseinrichtungen\" \/>\n<meta property=\"article:modified_time\" content=\"2019-06-12T08:53:07+00:00\" \/>\n<meta property=\"og:image\" content=\"http:\/\/www.holzmanufaktur.co.at\/cs1\/wp-content\/uploads\/2019\/02\/fb_schneider.png\" \/>\n<meta name=\"twitter:card\" content=\"summary_large_image\" \/>\n<meta name=\"twitter:label1\" content=\"Gesch\u00e4tzte Lesezeit\" \/>\n\t<meta name=\"twitter:data1\" content=\"1 Minute\" \/>\n<script type=\"application\/ld+json\" class=\"yoast-schema-graph\">{\"@context\":\"https:\/\/schema.org\",\"@graph\":[{\"@type\":\"WebPage\",\"@id\":\"http:\/\/www.ordinationseinrichtungen.at\/cs2\/strahlenschutz\/\",\"url\":\"http:\/\/www.ordinationseinrichtungen.at\/cs2\/strahlenschutz\/\",\"name\":\"Strahlenschutz - Christian Schneider - CS Ordinationseinrichtungen\",\"isPartOf\":{\"@id\":\"http:\/\/www.ordinationseinrichtungen.at\/cs2\/#website\"},\"datePublished\":\"2015-02-19T18:11:42+00:00\",\"dateModified\":\"2019-06-12T08:53:07+00:00\",\"breadcrumb\":{\"@id\":\"http:\/\/www.ordinationseinrichtungen.at\/cs2\/strahlenschutz\/#breadcrumb\"},\"inLanguage\":\"de-DE\",\"potentialAction\":[{\"@type\":\"ReadAction\",\"target\":[\"http:\/\/www.ordinationseinrichtungen.at\/cs2\/strahlenschutz\/\"]}]},{\"@type\":\"BreadcrumbList\",\"@id\":\"http:\/\/www.ordinationseinrichtungen.at\/cs2\/strahlenschutz\/#breadcrumb\",\"itemListElement\":[{\"@type\":\"ListItem\",\"position\":1,\"name\":\"Home\",\"item\":\"http:\/\/www.ordinationseinrichtungen.at\/cs2\/\"},{\"@type\":\"ListItem\",\"position\":2,\"name\":\"Strahlenschutz\"}]},{\"@type\":\"WebSite\",\"@id\":\"http:\/\/www.ordinationseinrichtungen.at\/cs2\/#website\",\"url\":\"http:\/\/www.ordinationseinrichtungen.at\/cs2\/\",\"name\":\"Christian Schneider - CS Ordinationseinrichtungen\",\"description\":\"\",\"potentialAction\":[{\"@type\":\"SearchAction\",\"target\":{\"@type\":\"EntryPoint\",\"urlTemplate\":\"http:\/\/www.ordinationseinrichtungen.at\/cs2\/?s={search_term_string}\"},\"query-input\":\"required name=search_term_string\"}],\"inLanguage\":\"de-DE\"}]}<\/script>\n<!-- \/ Yoast SEO plugin. -->","yoast_head_json":{"title":"Strahlenschutz - Christian Schneider - CS Ordinationseinrichtungen","robots":{"index":"index","follow":"follow","max-snippet":"max-snippet:-1","max-image-preview":"max-image-preview:large","max-video-preview":"max-video-preview:-1"},"canonical":"http:\/\/www.ordinationseinrichtungen.at\/cs2\/strahlenschutz\/","og_locale":"de_DE","og_type":"article","og_title":"Strahlenschutz - Christian Schneider - CS Ordinationseinrichtungen","og_description":"[vc_row][vc_column width=&#8220;1\/2&#8243;][vc_column_text]Mit unserer langj\u00e4hrigen Erfahrung erzeugen wir Strahlenschutzt\u00fcren und Trennw\u00e4nde oder adaptieren vorhandene R\u00e4ume, dass diese den gesetzlichen Strahlenschutznormen entsprechen. Ob neu zu errichtender oder vorhandener Strahlenschutzraum (R\u00f6ntgenraum), generell jegliche Art von Dentalm\u00f6beln bzw. f\u00fcr Sonderl\u00f6sungen, die CS\u00a0 ORDINATIONSEINRICHTUNGEN ist immer der richtige Ansprechpartner.[\/vc_column_text][\/vc_column][vc_column width=&#8220;1\/2&#8243;][vc_single_image image=&#8220;4513&#8243; img_size=&#8220;full&#8220; alignment=&#8220;center&#8220; style=&#8220;vc_box_shadow&#8220;][vc_single_image image=&#8220;4516&#8243; img_size=&#8220;full&#8220; alignment=&#8220;center&#8220; style=&#8220;vc_box_shadow&#8220;][\/vc_column][\/vc_row][vc_row][vc_column][\/vc_column][\/vc_row][vc_row][vc_column][vc_text_separator title=&#8220;&#8220;][vc_column_text] Christian [&hellip;]","og_url":"http:\/\/www.ordinationseinrichtungen.at\/cs2\/strahlenschutz\/","og_site_name":"Christian Schneider - CS Ordinationseinrichtungen","article_modified_time":"2019-06-12T08:53:07+00:00","og_image":[{"url":"http:\/\/www.holzmanufaktur.co.at\/cs1\/wp-content\/uploads\/2019\/02\/fb_schneider.png"}],"twitter_card":"summary_large_image","twitter_misc":{"Gesch\u00e4tzte Lesezeit":"1 Minute"},"schema":{"@context":"https:\/\/schema.org","@graph":[{"@type":"WebPage","@id":"http:\/\/www.ordinationseinrichtungen.at\/cs2\/strahlenschutz\/","url":"http:\/\/www.ordinationseinrichtungen.at\/cs2\/strahlenschutz\/","name":"Strahlenschutz - Christian Schneider - CS Ordinationseinrichtungen","isPartOf":{"@id":"http:\/\/www.ordinationseinrichtungen.at\/cs2\/#website"},"datePublished":"2015-02-19T18:11:42+00:00","dateModified":"2019-06-12T08:53:07+00:00","breadcrumb":{"@id":"http:\/\/www.ordinationseinrichtungen.at\/cs2\/strahlenschutz\/#breadcrumb"},"inLanguage":"de-DE","potentialAction":[{"@type":"ReadAction","target":["http:\/\/www.ordinationseinrichtungen.at\/cs2\/strahlenschutz\/"]}]},{"@type":"BreadcrumbList","@id":"http:\/\/www.ordinationseinrichtungen.at\/cs2\/strahlenschutz\/#breadcrumb","itemListElement":[{"@type":"ListItem","position":1,"name":"Home","item":"http:\/\/www.ordinationseinrichtungen.at\/cs2\/"},{"@type":"ListItem","position":2,"name":"Strahlenschutz"}]},{"@type":"WebSite","@id":"http:\/\/www.ordinationseinrichtungen.at\/cs2\/#website","url":"http:\/\/www.ordinationseinrichtungen.at\/cs2\/","name":"Christian Schneider - CS Ordinationseinrichtungen","description":"","potentialAction":[{"@type":"SearchAction","target":{"@type":"EntryPoint","urlTemplate":"http:\/\/www.ordinationseinrichtungen.at\/cs2\/?s={search_term_string}"},"query-input":"required name=search_term_string"}],"inLanguage":"de-DE"}]}},"_links":{"self":[{"href":"http:\/\/www.ordinationseinrichtungen.at\/cs2\/wp-json\/wp\/v2\/pages\/4294"}],"collection":[{"href":"http:\/\/www.ordinationseinrichtungen.at\/cs2\/wp-json\/wp\/v2\/pages"}],"about":[{"href":"http:\/\/www.ordinationseinrichtungen.at\/cs2\/wp-json\/wp\/v2\/types\/page"}],"author":[{"embeddable":true,"href":"http:\/\/www.ordinationseinrichtungen.at\/cs2\/wp-json\/wp\/v2\/users\/1"}],"replies":[{"embeddable":true,"href":"http:\/\/www.ordinationseinrichtungen.at\/cs2\/wp-json\/wp\/v2\/comments?post=4294"}],"version-history":[{"count":11,"href":"http:\/\/www.ordinationseinrichtungen.at\/cs2\/wp-json\/wp\/v2\/pages\/4294\/revisions"}],"predecessor-version":[{"id":4816,"href":"http:\/\/www.ordinationseinrichtungen.at\/cs2\/wp-json\/wp\/v2\/pages\/4294\/revisions\/4816"}],"wp:attachment":[{"href":"http:\/\/www.ordinationseinrichtungen.at\/cs2\/wp-json\/wp\/v2\/media?parent=4294"}],"curies":[{"name":"wp","href":"https:\/\/api.w.org\/{rel}","templated":true}]}}